 of h?
2, 5
Let g = -319 - -356. List the prime factors of g.
37
Let u = 21 + -12. Let o(p) = 2*p - 13. Let w be o(u). Suppose 0 = -v - 4*m + 24, w*v + 5*m = -0*m + 45. What are the prime factors of v?
2
Let x be (-1)/(3/24*-2). Suppose 0 = 5*y - 3*f + 75, -y = x*f + f - 13. Let c(v) = -4*v + 2. What are the prime factors of c(y)?
2, 5
Suppose 709 + 1475 = 7*n. List the prime factors of n.
2, 3, 13
Suppose 2400 + 1688 = 8*l. What are the prime factors of l?
7, 73
Let m = -83 + 87. Let r be (1 + -3)/((-2)/3). What are the prime factors of (-93)/(-12) - r/m?
7
Let u(t) be the second derivative of -7*t**3/6 + 5*t**2/2 + 12*t. List the prime factors of u(-5).
2, 5
Let p = 0 + 5. Suppose 0*t - 5 = p*t. Let g(o) = -40*o - 3. What are the prime factors of g(t)?
37
Suppose 0 = -14*o + 10884 + 1058. List the prime factors of o.
853
Let v = 31 + -16. Suppose -4*k = -k - v. Suppose 7*i = k*i + 4. What are the prime factors of i?
2
Let i be (2/18)/((-3)/(-27)). Let p = 93 + i. List the prime factors of p.
2, 47
Let l(i) = 49*i - 155. What are the prime factors of l(36)?
1609
Suppose -35*m + 33*m = -620. Suppose -y - 4*y + m = 0. What are the prime factors of y?
2, 31
Suppose -q = -3*q + 18. Suppose -q = -h + 24. What are the prime factors of h?
3, 11
Let g = 25 + -18. Let i be 1/4 - g/(-4). Suppose -2*x + 32 = -t + i*t, -5*x + 20 = 0. List the prime factors of t.
2, 3
Suppose 3*z - 1 = 179. Suppose 2*l = -3*r + 68 + 52, l - 3*r = z. What are the prime factors of l?
2, 3, 5
Suppose 0 = -2*x + 5*x - 129. Let c = -30 + x. Suppose 3 = 4*g - c. List the prime factors of g.
2
Suppose 4*d = -3*v + 10, -2*v - v = -6. Let g be 5 + (d - 4) - -2. Suppose 4*k = 4*f - 52, -g*f + 75 = 5*k - 4. What are the prime factors of f?
2
Let q(h) be the first derivative of h**4/4 - 4*h**3/3 - 3*h**2 - 11*h - 15. What are the prime factors of q(6)?
5
Let y(w) = -w**2 + 7*w - 8. Let g be y(6). Let x be 10 + 10 - (0 - g). Let p = x - 16. List the prime factors of p.
2
Let j = 2 + -2. Suppose -4*q - 2*g - 10 = 0, j*q = q - 5*g + 19. Let v(t) = 2*t**2 + 2*t - 1. List the prime factors of v(q).
23
What are the prime factors of 513 + -6 - (0 + -3)?
2, 3, 5, 17
Let g = 241 + -166. Suppose -317 + g = -11*y. What are the prime factors of y?
2, 11
Let u = -31 + 34. Suppose j + 4*s = 2*s - 30, -3*j = -u*s + 90. List the prime factors of (j/8)/((-39)/416).
2, 5
Suppose 101 - 19 = 4*i + 2*x, -5 = -5*x. Let k(p) = 2*p - 19. What are the prime factors of k(i)?
3, 7
Let w(r) be the second derivative of -8*r**3/3 - 9*r**2 - 4*r. List the prime factors of w(-7).
2, 47
Let x = -26 + 15. Let v(h) = -h**3 - 12*h**2 - 12*h - 12. Let o be v(x). List the prime factors of (o - -9)/((-9)/(-36)).
2
Let z(d) = -d**3 - 8*d**2 - 12*d - 9. Let v be z(-8). Suppose 5*u = -10, 0 = x + 2*u - v + 13. List the prime factors of x.
2, 3, 13
Let c(z) = -3*z + 1672. List the prime factors of c(0).
2, 11, 19
Let f be 0/(1 + 0 - -2). Suppose f = -j - 0*j + 25. Suppose -85 = -3*i - j. List the prime factors of i.
2, 5
Let k(u) = 4*u - 1. Let g(z) = -8*z + 2. Let b(v) = -6*g(v) - 11*k(v). List the prime factors of b(3).
11
Let g(t) = -t**3 - t - 2. Let u be g(-2). Let k = u + -3. Suppose k*r = -0*r + 60. List the prime factors of r.
2, 3
Let w = 1492 + -140. List the prime factors of w.
2, 13
Let j be (11 - 2)/(6/(-4)). List the prime factors of j/(-21) - (-2673)/77.
5, 7
Let a = 1289 - 899. Suppose 3*d - 135 = a. List the prime factors of d.
5, 7
Let z = 35 + -79. Let n = 77 + z. List the prime factors of n.
3, 11
Let a(v) = -2180*v - 8. Let i be a(-4). List the prime factors of i/54 - (-2)/3.
2, 3
Suppose 493*k + 780 = 496*k. List the prime factors of k.
2, 5, 13
List the prime factors of (-1690)/91*(-23 - 5).
2, 5, 13
Let s = 22 - 21. Suppose -s - 8 = -3*i. Suppose 3*r + w - 124 = -i*w, 0 = 4*r + 4*w - 160. List the prime factors of r.
2, 3
Let r(w) = 9*w - 54. Let q be r(6). Suppose q = -m + 6*m - 195. What are the prime factors of m?
3, 13
Suppose b + 11*b - 36 = 0. Suppose -393 = -b*o + 123. List the prime factors of o.
2, 43
Suppose 62*f - 54*f = 4872. What are the prime factors of f?
3, 7, 29
Let k = -711 + 1076. What are the prime factors of k?
5, 73
Suppose -u - 2 + 17 = 2*y, 2*y - 4*u = 40. Let l(p) = -4*p**3 + 11*p**2 + 6 - 1 - 10*p + 3*p**3. What are the prime factors of l(y)?
5
Let m = 138 + -137. What are the prime factors of 184 - m*(3 + -5)?
2, 3, 31
Suppose -12372 = 3548*w - 3552*w. What are the prime factors of w?
3, 1031
Suppose 989 = 9*z + 224. Let a = z - -54. What are the prime factors of a?
139
Suppose 4*i - 19 = 1. Let p(a) = a**2 - 3*a - 5. Let y be p(i). Suppose -5*v = -3*q + q + 18, y*q + 4*v - 12 = 0. List the prime factors of q.
2
Let n(d) be the first derivative of 4*d**3/3 + d**2/2 - 4*d + 21. List the prime factors of n(-4).
2, 7
Suppose 9*m - 5066 - 3313 = 0. Suppose 0 = 4*n - 20, 0 = -3*s - n - n + m. What are the prime factors of s?
307
Let l = -276 + 703. What are the prime factors of l?
7, 61
Let l = -13 - -18. Let p(m) = 5*m - 13*m + 4*m**2 - 8 + 4*m. List the prime factors of p(l).
2, 3
Let d(p) = -8*p - 2. Let k be d(-3). Let z(w) = -3 + k*w + 5 - 1. List the prime factors of z(1).
23
Suppose -u = -3*r - 39 - 688, r = 3*u - 2149. What are the prime factors of u?
5, 11, 13
Let g = 1990 + -1058. List the prime factors of g.
2, 233
Let i(z) = z**3 + 2*z**2 + 2*z + 3. Let x be i(-2). Let b be 63/(-42) + x/(-2). List the prime factors of ((-26)/(6 - 4))/b.
13
Let a be (143/65)/((-2)/(-110)). Suppose -2*f - 5*b + 89 = 0, -3*f = 2*b - 29 - a. What are the prime factors of f?
2, 13
Let x(d) be the second derivative of -7*d**3/6 - 6*d**2 - 2*d. List the prime factors of x(-5).
23
Let j = 193 - -166. Let n = j - 171. List the prime factors of n.
2, 47
List the prime factors of -3 - (-758 + (18/3 - 4)).
3, 251
Let u(g) = 2*g - 3. Let w be u(2). Let l = w + 2. Suppose s - h - 95 = -s, l*h + 9 = 0. What are the prime factors of s?
2, 23
Suppose -2*u - 3*u = -5*x + 30, 2*x - 5*u - 24 = 0. Suppose -3 = t - 3*y, -29 = -2*t - 3*y + x*y. Suppose 4*k - 56 = t. What are the prime factors of k?
17
Suppose 0 = -3*b - 3, 5*p - 2*b + 6*b = 6551. What are the prime factors of p?
3, 19, 23
Let l = 1367 + -956. What are the prime factors of l?
3, 137
Suppose -24*s + 9069 + 2811 = 0. List the prime factors of s.
3, 5, 11
Let u be (-28)/(-8) + (-6)/(-4). Suppose 44 = u*j + 154. What are the prime factors of 4/j - (-1165)/55?
3, 7
Suppose -3*r + 1 = -11. Let g = r - -56. List the prime factors of g.
2, 3, 5
Suppose -j = -5*g - 38, 50 = -2*j + 5*j + g. Suppose j - 24 = -3*w. Suppose w = o - 18. List the prime factors of o.
2, 5
Suppose y = c + 79, c + 28 = 3*y - 51. Suppose 5*q = 131 + 434. Let x = q + c. List the prime factors of x.
2, 17
Let x = 48 - 169. Let o = 31 - x. List the prime factors of o.
2, 19
Suppose 0*i = -5*i. Suppose i = -3*k - 36 + 123. List the prime factors of k.
29
Let a = -35 + 38. Suppose -p + 2*j + 30 = 0, 0*j = -a*p + 3*j + 84. What are the prime factors of p?
2, 13
Suppose 4906 = q - 2*o, 3*q + 18*o - 14663 = 13*o. List the prime factors of q.
2, 3, 17
Let a = -89 - -89. Suppose 0 = -z - 2*t - 0*t + 77, -5*z + 5*t + 460 = a. List the prime factors of z.
3, 29
Let c(d) = 3*d**2 - 21*d + 15. Let j be c(6). Let q(x) = 10*x**2 + 3*x - 6. What are the prime factors of q(j)?
3, 5
Let b = -791 - -125. Let i = 970 + b. List the prime factors of i.
2, 19
Suppose -18 - 7 = -5*q. Suppose -19 = q*y + 16. Let w = 8 - y. List the prime factors of w.
3, 5
Let k be 6/4*28/(-6). Let g = -4 - k. Suppose 5*s = g + 7. List the prime factors of s.
2
Let m = -3173 + 5598. What are the prime factors of m?
5, 97
Suppose 56*t = -0*t + 33712. List the prime factors of t.
2, 7, 43
Let m(d) = 3*d**3 + 15*d**2 + 2*d + 6. Let c be m(-6). Let f = 249 + c. List the prime factors of f.
3, 5
Let o(c) = 6*c**2 + c + 2. Suppose 0*g - 7 = -r + 2*g, 7 = 3*r + g. What are the prime factors of o(r)?
59
Let s(l) = -l**3 + 13*l**2 - 13*l + 14. Suppose 0 = -2*j - 6 + 12. Suppose 2*o = 4*p + 12, o - p - j = 2*p. What are the prime factors of s(o)?
2
Let q be 174/(-2*(-5)/10). Suppose -60*y - q = -61*y. List the prime factors of y.
2, 3, 29
Suppose -k + 5*k + 2144 = 0. List the prime factors of (-76)/(-190) - (k/10)/1.
2, 3
Su